{"id":175,"date":"2021-10-08T13:22:07","date_gmt":"2021-10-08T11:22:07","guid":{"rendered":"http:\/\/petitchalet.mkrieg.fr\/?page_id=175"},"modified":"2021-10-11T15:34:34","modified_gmt":"2021-10-11T13:34:34","slug":"randonnees","status":"publish","type":"page","link":"http:\/\/petitchalet.mkrieg.fr\/index.php\/randonnees\/","title":{"rendered":"Randonn\u00e9es"},"content":{"rendered":"\n<p><\/p>\n\n\n\n<div class=\"wp-block-columns is-layout-flex wp-container-core-columns-is-layout-9d6595d7 wp-block-columns-is-layout-flex\">\n<div class=\"wp-block-column is-layout-flow wp-block-column-is-layout-flow\" style=\"flex-basis:100%\">\n<ul class=\"wp-block-list\"><li><strong>T\u00eate du Parmelan (1832m) par la Blonni\u00e8re<span style=\"font-size: revert;\"> (4H &#8211; 950m)  <\/span><a href=\"http:\/\/petitchalet.mkrieg.fr\/wp-content\/uploads\/2021\/09\/carteparmelan.png\"><img loading=\"lazy\" decoding=\"async\" width=\"150\" height=\"150\" class=\"wp-image-40\" src=\"http:\/\/petitchalet.mkrieg.fr\/wp-content\/uploads\/2021\/09\/carteparmelanboucle-150x150-1.png\" alt=\"\" style=\"font-size: revert; width: 40px;\"><\/a><span style=\"font-size: revert;\">    <\/span><\/strong><a href=\"https:\/\/www.google.fr\/maps\/dir\/1288+Route+de+Th%C3%B4nes,+Dingy-Saint-Clair\/Parking+Le+Saugy,+Chemin+Rural+de+la+Blonni%C3%A8re+aux+Sontes,+74230+Dingy-Saint-Clair\/@45.9207342,6.1926096,13z\/data=!3m1!4b1!4m14!4m13!1m5!1m1!1s0x478b8d9525cd42b3:0x83819dd232c104a5!2m2!1d6.2327827!2d45.9036131!1m5!1m1!1s0x478b8c39f5e5a469:0xa0327b9a9fa35f87!2m2!1d6.233323!2d45.9351947!3e0\"><img loading=\"lazy\" decoding=\"async\" width=\"50\" height=\"30\" class=\"wp-image-55\" style=\"width: 50px;\" src=\"http:\/\/petitchalet.mkrieg.fr\/wp-content\/uploads\/2021\/09\/iti.png\" alt=\"\"><\/a><\/li><\/ul>\n\n\n\n\n\n\n\n<div class=\"wp-block-media-text alignwide is-stacked-on-mobile has-background\" style=\"background-color:#ecf4ff;grid-template-columns:15% auto\"><figure class=\"wp-block-media-text__media\"><img loading=\"lazy\" decoding=\"async\" width=\"150\" height=\"150\" src=\"http:\/\/petitchalet.mkrieg.fr\/wp-content\/uploads\/2021\/09\/parmelan-150x150-1.png\" alt=\"\" class=\"wp-image-70 size-full\"\/><\/figure><div class=\"wp-block-media-text__content\">\n<p class=\"has-regular-font-size\">Rando dans les lapiaz calcaires qui permet de d\u00e9couvrir l&rsquo;ensemble du massif du Parmelan avec de tr\u00e8s beaux points de vue sur les chaines de montagne environnantes (Cha\u00eene du Mont Blanc, Bornes, Bauges,&#8230;)<\/p>\n<\/div><\/div>\n\n\n\n<ul class=\"wp-block-list\"><li><strong style=\"font-size: revert;\"> Montagne de Lachat (1281m) en circuit par les Tappes <\/strong><span style=\"font-size: revert;\">  <\/span><a href=\"http:\/\/petitchalet.mkrieg.fr\/wp-content\/uploads\/2021\/09\/cartelachatboucle.png\"><img loading=\"lazy\" decoding=\"async\" width=\"40\" height=\"40\" class=\"wp-image-36\" style=\"width: 40px;\" src=\"http:\/\/petitchalet.mkrieg.fr\/wp-content\/uploads\/2021\/09\/cartelachatboucle-150x150-1.png\" alt=\"\"><\/a><span style=\"font-size: revert;\">   <\/span><a href=\"https:\/\/www.google.fr\/maps\/dir\/1288+Route+de+Th%C3%B4nes,+Dingy-Saint-Clair\/45.9249154,6.2238777\/@45.9245015,6.2227883,16z\/data=!4m9!4m8!1m5!1m1!1s0x478b8d9525cd42b3:0x83819dd232c104a5!2m2!1d6.2327827!2d45.9036131!1m0!3e0\"><img loading=\"lazy\" decoding=\"async\" width=\"50\" height=\"30\" class=\"wp-image-55\" style=\"width: 50px;\" src=\"http:\/\/petitchalet.mkrieg.fr\/wp-content\/uploads\/2021\/09\/iti.png\" alt=\"\"><\/a><\/li><\/ul>\n\n\n\n<div class=\"wp-block-media-text alignwide is-stacked-on-mobile has-background\" style=\"background-color:#ecf4ff;grid-template-columns:15% auto\"><figure class=\"wp-block-media-text__media\"><img loading=\"lazy\" decoding=\"async\" width=\"150\" height=\"150\" src=\"http:\/\/petitchalet.mkrieg.fr\/wp-content\/uploads\/2021\/09\/lachat-150x150-1.png\" alt=\"\" class=\"wp-image-57 size-full\"\/><\/figure><div class=\"wp-block-media-text__content\">\n<p class=\"has-regular-font-size\">Appel\u00e9e aussi montagne de N\u00e2ves, cette montagne offre un belv\u00e9d\u00e8re unique sur les falaises du Parmelan et du Pertuis. Plusieurs sentiers permettent de la parcourir en circuit sur ses deux versants. M\u00eame si la montagne est essentiellement bois\u00e9e, de nombreux points de vue bien d\u00e9gag\u00e9s permettent d&rsquo;observer les alentours.<\/p>\n<\/div><\/div>\n\n\n\n<ul class=\"wp-block-list\"><li> <strong>Mont Veyrier (1291m) et Mont Baron (1299m) par Annecy-le-Vieux <\/strong><a href=\"http:\/\/petitchalet.mkrieg.fr\/wp-content\/uploads\/2021\/09\/carteveyrier.png\"><img loading=\"lazy\" decoding=\"async\" width=\"40\" height=\"40\" class=\"wp-image-42\" style=\"width: 40px;\" src=\"http:\/\/petitchalet.mkrieg.fr\/wp-content\/uploads\/2021\/09\/carteveyrier-150x150-1.png\" alt=\"\"><\/a> <a href=\"https:\/\/www.google.fr\/maps\/dir\/1288+Route+de+Th%C3%B4nes,+Dingy-Saint-Clair\/Le+Petit+Port,+Av.+du+Petit+Port,+74940+Annecy\/@45.8951784,6.1570752,13z\/data=!3m1!4b1!4m14!4m13!1m5!1m1!1s0x478b8d9525cd42b3:0x83819dd232c104a5!2m2!1d6.2327827!2d45.9036131!1m5!1m1!1s0x478b8fc94f229dd7:0x9823719579425513!2m2!1d6.1577518!2d45.9055201!3e0\"><img loading=\"lazy\" decoding=\"async\" width=\"50\" height=\"30\" class=\"wp-image-55\" style=\"width: 50px;\" src=\"http:\/\/petitchalet.mkrieg.fr\/wp-content\/uploads\/2021\/09\/iti.png\" alt=\"\"><\/a> <\/li><\/ul>\n\n\n\n<div class=\"wp-block-media-text alignwide is-stacked-on-mobile has-background\" style=\"background-color:#ecf4ff;grid-template-columns:15% auto\"><figure class=\"wp-block-media-text__media\"><img loading=\"lazy\" decoding=\"async\" width=\"224\" height=\"160\" src=\"http:\/\/petitchalet.mkrieg.fr\/wp-content\/uploads\/2021\/10\/veyrier.png\" alt=\"\" class=\"wp-image-238 size-full\"\/><\/figure><div class=\"wp-block-media-text__content\">\n<p class=\"has-regular-font-size\">Grand classique du Massif des Bornes, le Mont Veyrier est un sommet qui ne cesse d\u2019impressionner les marcheurs venant fouler ses pentes. Situ\u00e9 en surplomb de la commune de Veyrier-du-Lac, le Mont Veyrier constitue un magnifique belv\u00e9d\u00e8re sur le Lac d\u2019Annecy, le&nbsp;Semnoz, ainsi que les cimes du Massif des Aravis et des Bauges.<\/p>\n<\/div><\/div>\n\n\n\n<ul class=\"wp-block-list\"><li> <strong>Boucle sur le Plateau de Beauregard<\/strong> <a href=\"http:\/\/petitchalet.mkrieg.fr\/wp-content\/uploads\/2021\/09\/cartecolomban.png\"><img loading=\"lazy\" decoding=\"async\" width=\"40\" height=\"40\" class=\"wp-image-34\" style=\"width: 40px;\" src=\"http:\/\/petitchalet.mkrieg.fr\/wp-content\/uploads\/2021\/09\/cartecolomban-150x150-1.png\" alt=\"\"><\/a> <a href=\"https:\/\/www.google.fr\/maps\/dir\/1288+Route+de+Th%C3%B4nes,+Dingy-Saint-Clair\/La+Croix+Fry,+74230+Manigod\/@45.8914188,6.2648473,12z\/data=!3m1!4b1!4m14!4m13!1m5!1m1!1s0x478b8d9525cd42b3:0x83819dd232c104a5!2m2!1d6.2327827!2d45.9036131!1m5!1m1!1s0x478bee1ffc8866ad:0x51d397591c8c6152!2m2!1d6.4033407!2d45.8769721!3e0\"><img loading=\"lazy\" decoding=\"async\" width=\"50\" height=\"30\" class=\"wp-image-55\" style=\"width: 50px;\" src=\"http:\/\/petitchalet.mkrieg.fr\/wp-content\/uploads\/2021\/09\/iti.png\" alt=\"\"><\/a><\/li><\/ul>\n\n\n\n<div class=\"wp-block-media-text alignwide is-stacked-on-mobile has-background\" style=\"background-color:#ecf4ff;grid-template-columns:15% auto\"><figure class=\"wp-block-media-text__media\"><img loading=\"lazy\" decoding=\"async\" width=\"671\" height=\"464\" src=\"http:\/\/petitchalet.mkrieg.fr\/wp-content\/uploads\/2021\/10\/beauregardete.png\" alt=\"\" class=\"wp-image-237 size-full\" srcset=\"http:\/\/petitchalet.mkrieg.fr\/wp-content\/uploads\/2021\/10\/beauregardete.png 671w, http:\/\/petitchalet.mkrieg.fr\/wp-content\/uploads\/2021\/10\/beauregardete-300x207.png 300w\" sizes=\"auto, (max-width: 671px) 100vw, 671px\" \/><\/figure><div class=\"wp-block-media-text__content\">\n<p class=\"has-regular-font-size\">Cette promenade \u00e0 travers for\u00eat, tourbi\u00e8res et alpages vous offrira des vues imprenables sur la cha\u00eene des Aravis, le mont Blanc, la vall\u00e9e de Th\u00f4nes.<\/p>\n<\/div><\/div>\n\n\n\n<p><\/p>\n<\/div>\n<\/div>\n\n\n\n<p><\/p>\n","protected":false},"excerpt":{"rendered":"","protected":false},"author":1,"featured_media":0,"parent":0,"menu_order":0,"comment_status":"closed","ping_status":"closed","template":"","meta":{"footnotes":""},"class_list":["post-175","page","type-page","status-publish","hentry","nodate","item-wrap"],"_links":{"self":[{"href":"http:\/\/petitchalet.mkrieg.fr\/index.php\/wp-json\/wp\/v2\/pages\/175","targetHints":{"allow":["GET"]}}],"collection":[{"href":"http:\/\/petitchalet.mkrieg.fr\/index.php\/wp-json\/wp\/v2\/pages"}],"about":[{"href":"http:\/\/petitchalet.mkrieg.fr\/index.php\/wp-json\/wp\/v2\/types\/page"}],"author":[{"embeddable":true,"href":"http:\/\/petitchalet.mkrieg.fr\/index.php\/wp-json\/wp\/v2\/users\/1"}],"replies":[{"embeddable":true,"href":"http:\/\/petitchalet.mkrieg.fr\/index.php\/wp-json\/wp\/v2\/comments?post=175"}],"version-history":[{"count":35,"href":"http:\/\/petitchalet.mkrieg.fr\/index.php\/wp-json\/wp\/v2\/pages\/175\/revisions"}],"predecessor-version":[{"id":263,"href":"http:\/\/petitchalet.mkrieg.fr\/index.php\/wp-json\/wp\/v2\/pages\/175\/revisions\/263"}],"wp:attachment":[{"href":"http:\/\/petitchalet.mkrieg.fr\/index.php\/wp-json\/wp\/v2\/media?parent=175"}],"curies":[{"name":"wp","href":"https:\/\/api.w.org\/{rel}","templated":true}]}}