{"id":247,"date":"2021-10-11T14:41:08","date_gmt":"2021-10-11T12:41:08","guid":{"rendered":"http:\/\/petitchalet.mkrieg.fr\/?page_id=247"},"modified":"2021-10-19T17:34:34","modified_gmt":"2021-10-19T15:34:34","slug":"autres-activites","status":"publish","type":"page","link":"http:\/\/petitchalet.mkrieg.fr\/index.php\/autres-activites\/","title":{"rendered":"Autres activit\u00e9s"},"content":{"rendered":"\n<ul class=\"wp-block-list\"><li><strong>Bapt\u00eame et vol en parapente sur Annecy<\/strong> <a href=\"https:\/\/www.lespassagersduvent.com\/baptemes\"><img loading=\"lazy\" decoding=\"async\" width=\"150\" height=\"52\" class=\"wp-image-408\" style=\"width: 150px;\" src=\"http:\/\/petitchalet.mkrieg.fr\/wp-content\/uploads\/2021\/10\/passager-e1634655204161.png\" alt=\"\"><\/a>   <a href=\"https:\/\/annecy.takamaka.fr\/fr\/p\/vol-Parapente-annecy\"><img loading=\"lazy\" decoding=\"async\" width=\"150\" height=\"42\" class=\"wp-image-409\" style=\"width: 150px;\" src=\"http:\/\/petitchalet.mkrieg.fr\/wp-content\/uploads\/2021\/10\/taka-e1634655498646.png\" alt=\"\"><\/a><\/li><\/ul>\n\n\n\n<div class=\"wp-block-image\"><figure class=\"aligncenter size-full is-resized\"><img loading=\"lazy\" decoding=\"async\" src=\"http:\/\/petitchalet.mkrieg.fr\/wp-content\/uploads\/2021\/10\/parapente-1.png\" alt=\"\" class=\"wp-image-411\" width=\"362\" height=\"235\" srcset=\"http:\/\/petitchalet.mkrieg.fr\/wp-content\/uploads\/2021\/10\/parapente-1.png 724w, http:\/\/petitchalet.mkrieg.fr\/wp-content\/uploads\/2021\/10\/parapente-1-300x194.png 300w\" sizes=\"auto, (max-width: 362px) 100vw, 362px\" \/><\/figure><\/div>\n\n\n\n<p><\/p>\n\n\n\n<ul class=\"wp-block-list\"><li><img loading=\"lazy\" decoding=\"async\" width=\"100\" height=\"49\" class=\"wp-image-418\" style=\"width: 100px;\" src=\"http:\/\/petitchalet.mkrieg.fr\/wp-content\/uploads\/2021\/10\/vitam2-e1634656640420.png\" alt=\"\"><a href=\"https:\/\/ucpavitam.fr\/fr\">centre aquatique et sportif<\/a> (\u00e0 40mn de Dingy) <a href=\"https:\/\/www.google.fr\/maps\/dir\/1288+Route+de+Th%C3%B4nes,+Dingy-Saint-Clair\/Vitam+Parc,+Clos+des+Ch%C3%AAnes,+Neydens\/@46.0186545,6.0133743,11z\/data=!4m17!4m16!1m5!1m1!1s0x478b8d9525cd42b3:0x83819dd232c104a5!2m2!1d6.2327827!2d45.9036131!1m5!1m1!1s0x478c794d272823eb:0x2c43d7cfd70b6683!2m2!1d6.0961572!2d46.1224321!2m3!6e0!7e2!8j1634670000\"><img loading=\"lazy\" decoding=\"async\" width=\"40\" height=\"24\" class=\"wp-image-55\" style=\"width: 40px;\" src=\"http:\/\/petitchalet.mkrieg.fr\/wp-content\/uploads\/2021\/09\/iti.png\" alt=\"\"><\/a><\/li><\/ul>\n\n\n\n<p>Piscine, Spa, Escalade, musculation, squach, badminton&#8230;<\/p>\n\n\n\n<figure class=\"wp-block-image size-full\"><img loading=\"lazy\" decoding=\"async\" width=\"600\" height=\"296\" src=\"http:\/\/petitchalet.mkrieg.fr\/wp-content\/uploads\/2021\/10\/vitam-e1634656414128.png\" alt=\"\" class=\"wp-image-415\"\/><\/figure>\n\n\n\n<p><\/p>\n\n\n\n<ul class=\"wp-block-list\"><li><strong>Bapt\u00eame de Montgolfi\u00e8re <\/strong><\/li><\/ul>\n\n\n\n<div class=\"wp-block-image\"><figure class=\"alignleft size-full\"><img loading=\"lazy\" decoding=\"async\" width=\"333\" height=\"155\" src=\"http:\/\/petitchalet.mkrieg.fr\/wp-content\/uploads\/2021\/10\/montgolfiere-1.png\" alt=\"\" class=\"wp-image-433\" srcset=\"http:\/\/petitchalet.mkrieg.fr\/wp-content\/uploads\/2021\/10\/montgolfiere-1.png 333w, http:\/\/petitchalet.mkrieg.fr\/wp-content\/uploads\/2021\/10\/montgolfiere-1-300x140.png 300w\" sizes=\"auto, (max-width: 333px) 100vw, 333px\" \/><\/figure><\/div>\n\n\n\n<p>&gt;&gt;<a href=\"https:\/\/www.compagniedesballons.com\/\">La compagnie des Ballons<\/a><\/p>\n\n\n\n<p>&gt;&gt;<a href=\"https:\/\/www.montgolfiere-annecy.fr\/\">Montgolfi\u00e8re Annecy<\/a><\/p>\n\n\n\n<p><\/p>\n","protected":false},"excerpt":{"rendered":"<p>Bapt\u00eame et vol en parapente sur Annecy centre aquatique et sportif (\u00e0 40mn de Dingy) Piscine, Spa, Escalade, musculation, squach, badminton&#8230; Bapt\u00eame de Montgolfi\u00e8re &gt;&gt;La compagnie des Ballons &gt;&gt;Montgolfi\u00e8re Annecy<\/p>\n","protected":false},"author":1,"featured_media":0,"parent":0,"menu_order":0,"comment_status":"closed","ping_status":"closed","template":"","meta":{"footnotes":""},"class_list":["post-247","page","type-page","status-publish","hentry","nodate","item-wrap"],"_links":{"self":[{"href":"http:\/\/petitchalet.mkrieg.fr\/index.php\/wp-json\/wp\/v2\/pages\/247","targetHints":{"allow":["GET"]}}],"collection":[{"href":"http:\/\/petitchalet.mkrieg.fr\/index.php\/wp-json\/wp\/v2\/pages"}],"about":[{"href":"http:\/\/petitchalet.mkrieg.fr\/index.php\/wp-json\/wp\/v2\/types\/page"}],"author":[{"embeddable":true,"href":"http:\/\/petitchalet.mkrieg.fr\/index.php\/wp-json\/wp\/v2\/users\/1"}],"replies":[{"embeddable":true,"href":"http:\/\/petitchalet.mkrieg.fr\/index.php\/wp-json\/wp\/v2\/comments?post=247"}],"version-history":[{"count":14,"href":"http:\/\/petitchalet.mkrieg.fr\/index.php\/wp-json\/wp\/v2\/pages\/247\/revisions"}],"predecessor-version":[{"id":434,"href":"http:\/\/petitchalet.mkrieg.fr\/index.php\/wp-json\/wp\/v2\/pages\/247\/revisions\/434"}],"wp:attachment":[{"href":"http:\/\/petitchalet.mkrieg.fr\/index.php\/wp-json\/wp\/v2\/media?parent=247"}],"curies":[{"name":"wp","href":"https:\/\/api.w.org\/{rel}","templated":true}]}}